{"id":12,"date":"2018-07-09T20:01:28","date_gmt":"2018-07-09T23:01:28","guid":{"rendered":"http:\/\/qplanta.com\/web\/?page_id=12"},"modified":"2019-12-16T19:41:34","modified_gmt":"2019-12-16T22:41:34","slug":"empresa","status":"publish","type":"page","link":"http:\/\/qplanta.com\/web\/empresa\/","title":{"rendered":"Empresa"},"content":{"rendered":"<h1>Miss\u00e3o<\/h1>\n<p>\u201cSer refer\u00eancia na regi\u00e3o com a oferta de tecnologias inovadoras e produtos de qualidade superior, visando gerar resultados aos produtores rurais, com respeito \u00e0s pessoas e o meio ambiente.\u201d<\/p>\n<h1>Vis\u00e3o Estrat\u00e9gica<\/h1>\n<p>Nosso desafio: \u201cSer refer\u00eancia na oferta de solu\u00e7\u00f5es no segmento agr\u00edcola, com parcerias fortalecidas, credibilidade e comprometimento ao produtor rural.\u201d<\/p>\n<h1>Valores<\/h1>\n<p>\u201cSeriedade, comprometimento e agilidade.\u201d<\/p>\n","protected":false},"excerpt":{"rendered":"<p><span class=\"excerpt-hellip\"> [\u2026]<\/span><\/p>\n","protected":false},"author":1,"featured_media":0,"parent":0,"menu_order":0,"comment_status":"closed","ping_status":"closed","template":"","meta":{"footnotes":""},"_links":{"self":[{"href":"http:\/\/qplanta.com\/web\/wp-json\/wp\/v2\/pages\/12"}],"collection":[{"href":"http:\/\/qplanta.com\/web\/wp-json\/wp\/v2\/pages"}],"about":[{"href":"http:\/\/qplanta.com\/web\/wp-json\/wp\/v2\/types\/page"}],"author":[{"embeddable":true,"href":"http:\/\/qplanta.com\/web\/wp-json\/wp\/v2\/users\/1"}],"replies":[{"embeddable":true,"href":"http:\/\/qplanta.com\/web\/wp-json\/wp\/v2\/comments?post=12"}],"version-history":[{"count":7,"href":"http:\/\/qplanta.com\/web\/wp-json\/wp\/v2\/pages\/12\/revisions"}],"predecessor-version":[{"id":364,"href":"http:\/\/qplanta.com\/web\/wp-json\/wp\/v2\/pages\/12\/revisions\/364"}],"wp:attachment":[{"href":"http:\/\/qplanta.com\/web\/wp-json\/wp\/v2\/media?parent=12"}],"curies":[{"name":"wp","href":"https:\/\/api.w.org\/{rel}","templated":true}]}}